lse
Is 471047669 prime?
False
Is 5223851021 a composite number?
False
Is 3837981527 prime?
False
Is 2955887927 a composite number?
False
Is 1695069491 a composite number?
True
Is 89346059 a prime number?
False
Is 224477701243 prime?
False
Is 7265944685 composite?
True
Is 33439761307 a composite number?
True
Is 18396178901 composite?
False
Is 18784200157 a prime number?
False
Is 1811352863 prime?
False
Is 65298197 a composite number?
False
Is 6714489139 a composite number?
True
Is 431399483 a composite number?
False
Is 2044355081 a prime number?
True
Is 1003113647 a composite number?
False
Is 4816764977 composite?
False
Is 1803097651 a composite number?
False
Is 16222085483 prime?
True
Is 17345170847 a prime number?
False
Is 2595354163 composite?
False
Is 9507358921 composite?
True
Is 21468445909 a composite number?
False
Is 3420424591 a composite number?
False
Is 2265557737 prime?
True
Is 17316919 a composite number?
False
Is 1960335943 prime?
False
Is 245104819 composite?
False
Is 35854605727 a composite number?
True
Is 3186035423 composite?
False
Is 55451533627 a prime number?
False
Is 56819835323 a composite number?
False
Is 622804349 prime?
True
Is 66442932709 a composite number?
True
Is 37849981 prime?
False
Is 22862288153 composite?
True
Is 50481570973 prime?
False
Is 52589558543 a composite number?
False
Is 114022921 composite?
True
Is 2117395957 composite?
False
Is 38468455217 a prime number?
True
Is 34436536447 prime?
True
Is 28610371243 prime?
False
Is 447976187 a composite number?
True
Is 3105147667 a composite number?
True
Is 63820362887 a prime number?
True
Is 940440791 a prime number?
False
Is 5630354221 a prime number?
True
Is 5888489914 composite?
True
Is 680294689 a prime number?
True
Is 5892291739 a composite number?
True
Is 10828492577 a prime number?
False
Is 885974291 prime?
True
Is 250354901843 composite?
True
Is 116810395769 a composite number?
True
Is 42709895099 composite?
True
Is 1905840295 a composite number?
True
Is 133064749 a composite number?
False
Is 10850379289 composite?
True
Is 52737143081 prime?
False
Is 73037879 a prime number?
False
Is 146766161279 a prime number?
True
Is 2902931281 a composite number?
False
Is 706051118 composite?
True
Is 12763106339 prime?
True
Is 439916713 a prime number?
False
Is 135017921 prime?
False
Is 663541801 a prime number?
False
Is 263521361 a composite number?
False
Is 55923691 a prime number?
False
Is 2585122817 composite?
True
Is 9604350593 a composite number?
False
Is 356561507 prime?
False
Is 2386181093 a prime number?
True
Is 10779297547 prime?
False
Is 6361226257 a composite number?
True
Is 1398813907 composite?
True
Is 121157819 composite?
False
Is 38480559703 a composite number?
False
Is 155600867 prime?
False
Is 704665721 a composite number?
False
Is 340114954181 prime?
True
Is 339741833 a prime number?
True
Is 10908488441 composite?
False
Is 15042520727 prime?
False
Is 9277485427 prime?
False
Is 83474243 composite?
False
Is 18793610587 a composite number?
False
Is 74015555 prime?
False
Is 584191679 a prime number?
False
Is 4187142763 prime?
True
Is 69077759 composite?
False
Is 6630846899 prime?
True
Is 85062276581 composite?
False
Is 18290782441 composite?
False
Is 29303697983 composite?
True
Is 1350210451 a prime number?
True
Is 45673220455 a composite number?
True
Is 12870379 prime?
False
Is 3611442953 a composite number?
False
Is 107112701 prime?
True
Is 5424236387 a composite number?
True
Is 775002101 a composite number?
False
Is 9217075369 a prime number?
True
Is 1409120437 composite?
False
Is 1555063187 a prime number?
True
Is 754405858 composite?
True
Is 46958091377 a composite number?
True
Is 13146296321 composite?
False
Is 41423699 a prime number?
False
Is 7897475737 composite?
True
Is 317074493 prime?
True
Is 2487274453 prime?
False
Is 36410615 composite?
True
Is 215614381 prime?
True
Is 3300433501 a composite number?
True
Is 13233759839 composite?
False
Is 222964622095 composite?
True
Is 13129153 a composite number?
True
Is 33518818717 a prime number?
False
Is 73235513 composite?
True
Is 63041206853 prime?
False
Is 804230533 prime?
False
Is 490581043 prime?
True
Is 655367173 a prime number?
False
Is 1898515973 a composite number?
False
Is 69704585498 a prime number?
False
Is 37658192993 a prime number?
False
Is 45449022449 a composite number?
False
Is 1163774617 a prime number?
True
Is 666602179 composite?
True
Is 6333829031 prime?
False
Is 2442664969 composite?
True
Is 854653199 prime?
False
Is 5732020093 a composite number?
False
Is 29097635305 a prime number?
False
Is 234799070839 prime?
True
Is 923333305 a prime number?
False
Is 101865721 prime?
False
Is 6243878127 a prime number?
False
Is 91464631 composite?
True
Is 29127529231 prime?
True
Is 787406569 composite?
True
Is 1302248413 a composite number?
True
Is 11356537331 a composite number?
False
Is 97769473 a composite number?
False
Is 2326807817 a composite number?
False
Is 271729061 a prime number?
False
Is 6806896247 a prime number?
True
Is 374209743 a composite number?
True
Is 19525376363 a prime number?
True
Is 35665843 composite?
False
Is 1820220967 a composite number?
True
Is 87355539961 a composite number?
False
Is 14740718981 a prime number?
False
Is 45588123989 composite?
False
Is 21206931901 a composite number?
False
Is 3368850889 prime?
False
Is 7434081973 a composite number?
True
Is 3251186797 composite?
False
Is 43317218833 a prime number?
False
Is 156205354139 a composite number?
False
Is 684421369 composite?
False
Is 22763920747 a prime number?
True
Is 1125993943 a composite number?
False
Is 1365580637 a prime number?
True
Is 2892612823 a composite number?
False
Is 65016098918 prime?
False
Is 41990882789 composite?
False
Is 2129215507 composite?
True
Is 22175968711 composite?
True
Is 11358104959 prime?
False
Is 127086539 a prime number?
True
Is 3345014107 a prime number?
True
Is 275189963 prime?
False
Is 5291003489 prime?
True
Is 11426745307 prime?
True
Is 11103509 prime?
True
Is 17791345357 a prime number?
True
Is 158803241 prime?
True
Is 139969222 a prime number?
False
Is 24282642313 a composite number?
True
Is 71426141833 prime?
True
Is 1667342539 a composite number?
True
Is 49182857 a composite number?
False
Is 15351557587 prime?
True
Is 29391594409 a prime number?
True
Is 6827179267 a composite number?
True
Is 232797391 composite?
False
Is 2005793459 composite?
True
Is 755546399 a prime number?
True
Is 1387844767 a prime number?
False
Is 34051267883 composite?
False
Is 230432455391 composite?
False
Is 12264754549 a prime number?
True
Is 4942444603 composite?
False
Is 805015933 prime?
True
Is 1391733481 a composite number?
True
Is 5244194057 composite?
False
Is 1865215021 a composite number?
True
Is 7961806837 composite?
False
Is 2406128267 a prime number?
True
Is 736992547 prime?
True
Is 3865474099 prime?
False
Is 56929801 a composite number?
True
Is 294179923 a composite number?
False
Is 11817437043 a composite number?
True
Is 793164659 prime?
False
Is 17768041 prime?
False
Is 4765159411 composite?
False
Is 7280819057 composite?
True
Is 1037634893 a composite number?
False
Is 72711239 prime?
True
Is 2478378967 a prime number?
False
Is 8515824329 composite?
False
Is 192173252171 a composite number?
False
Is 346316051 prime?
False
Is 10673279299 prime?
True
Is 43410335 a prime number?
False
Is 30210523867 prime?
False
Is 240271301 prime?
True
Is 647174909 prime?
False
Is 38232175343 a composite number?
False
Is 62316431858 composite?
True
Is 30749567 composite?
False
Is 38623777 composite?
True
Is 12380555527 a composite number?
False
Is 169078295 a prime number?
False
Is 324876229 composite?
True
Is 5809124683 prime?
True
Is 510926333 composite?
False
Is 22559964113 a composite number?
True
Is 9589292177 a composite number?
False
Is 487754759 a prime number?
False
Is 20410627451 composite?
False
Is 15824363 a prime number?
False
Is 188528581399 composite?
False
Is 7432016173 composite?
True
Is 496519607 prime?
False
Is 66241202851 a prime number?
True
Is 3213344899 prime?
False
Is 328143853 prime?
False
Is 33364645813 a prime number?
False
Is 84034909533 composite?
True
Is 18987953387 a composite number?
True
Is 1563899629 prime?
True
Is 890958371 a prime number?
True
Is 163